 common factor of j and o?
4
Let z(r) = -5*r**2 - 1. Let c be z(-1). Let i be 14/21 + (-212)/c. What is the greatest common factor of 8 and i?
4
Suppose 0 = -5*g + 640 - 250. Let j = g + -45. Suppose 5*q = -r + 89 - 30, 2*q = 2*r + 14. Calculate the greatest common divisor of q and j.
11
Suppose -26 = -6*l + 22. Suppose -5*j + 32 = -j. What is the highest common divisor of l and j?
8
Let h be (6/4)/((-42)/(-392)). Suppose -7*k + h + 42 = 0. What is the highest common factor of k and 8?
8
Let h be 5434/8 - (-8)/(-128)*-12. What is the greatest common factor of 80 and h?
40
Let k = -129 + 209. What is the greatest common factor of k and 15?
5
Let n = -32 + 85. Let p = n - 20. Let t be 3*-16*p/(-18). Calculate the highest common factor of 11 and t.
11
Suppose -3*x + 1052 = -448. Calculate the highest common divisor of 4 and x.
4
Suppose 0 = -17*c + 5521 + 29023. Calculate the highest common divisor of c and 16.
16
Suppose -x = -34*r + 36*r - 109, -x + 109 = 4*r. What is the greatest common factor of 1199 and x?
109
Suppose 22 + 268 = 3*x + 5*u, 4*x - 4*u - 344 = 0. Let z(i) = 3*i**2 + 6*i + 6. Let w be z(-4). What is the highest common divisor of x and w?
30
Let d be -111 + -1 - (2 + -5). Let k = -44 - d. Let v = -4 - -17. Calculate the highest common factor of k and v.
13
Let p(c) = -c**3 - 23*c**2 + 43*c + 15. Let q be p(-25). Calculate the highest common factor of q and 10.
10
Let u = 95 + -68. Let j be (-374)/(-10) + (-15)/(-25) - 2. What is the greatest common divisor of j and u?
9
Suppose 92 = -4*g + 12. Let k = g - -23. Suppose -4*a + k*n + 50 = 0, -5*a - 2*n + 47 = 2*n. Calculate the greatest common factor of a and 99.
11
Let v be 491 + -1*(-4)/(-4). Let g = -347 + v. Calculate the greatest common divisor of g and 13.
13
Let f be ((-28)/(-3))/(4/18). Let w be 40/(-12)*(0 + (-126)/15). What is the highest common factor of w and f?
14
Let z be (-42)/(-4)*(-72)/(-27). Suppose 0*i + 3*i = 0. Suppose i = 2*r + 3*r - 210. What is the greatest common divisor of z and r?
14
Let v(u) = 4*u + 42. Let c(b) = -11*b - 126. Let s(p) = -6*c(p) - 17*v(p). Let o be s(-20). Calculate the greatest common divisor of 41 and o.
41
Let s = 248 + 104. What is the highest common divisor of s and 264?
88
Suppose -22*n = 2292 - 7044. What is the highest common divisor of n and 27?
27
Suppose 2187 + 1149 = 4*x. Calculate the greatest common factor of x and 6.
6
Let l = -1494 - -1536. Suppose p + 56 = 5*p. What is the highest common factor of l and p?
14
Let f be (12/(-3))/(5/(-30)). Calculate the greatest common factor of f and 40.
8
Let j = 47 + 9. Suppose -14 = -5*b - z + 19, -15 = -b + 4*z. Calculate the highest common factor of b and j.
7
Let k(d) = -48*d + 258. Let h be k(4). What is the greatest common divisor of h and 594?
66
Suppose f + t - 58 = 0, -5*f + 2*t - 14 = -297. Suppose 0 = m + f - 189. Calculate the greatest common divisor of m and 12.
12
Suppose 2*k + 64 = -3*c, -2*c - 2*k = 3*c + 108. Let i = c - -24. What is the greatest common divisor of i and 2?
2
Let o(p) = -p**2 - 19*p + 32. Let s be o(-20). Calculate the greatest common divisor of s and 3.
3
Suppose -346 = 9*w + 41. Let q be (-1)/((-8)/2 + w/(-11)). Calculate the highest common factor of 88 and q.
11
Suppose -104 = -32*o + 440. Calculate the greatest common factor of 51 and o.
17
Let v = 147 - 136. Calculate the greatest common divisor of 187 and v.
11
Suppose 6*j - 5*y = j - 120, 110 = -5*j + 3*y. Let r be (-4)/10 + (-204)/(-10). Let z = r + j. What is the greatest common divisor of 7 and z?
1
Let p(d) = -d**2 + 8*d + 36. Let b be p(11). Suppose 0 = x + 4*k - 0*k - 28, -b*x + 44 = 2*k. What is the greatest common factor of x and 228?
12
Let u be (-7)/((-28)/(-8)) - 2. Let a be 2 + (13 - (-4)/u). Calculate the highest common factor of 112 and a.
14
Let h = -1851 - -2001. Calculate the highest common factor of 24 and h.
6
Suppose -17*t + 2073 + 919 = 0. What is the greatest common factor of t and 44?
44
Suppose 7*l - 159 = 30. Calculate the greatest common divisor of 288 and l.
9
Let a(q) = -38*q**2. Let w be a(-3). Let c be (12 + 0)/(9/w). Let v be c/(-32)*8/3. Calculate the highest common factor of 19 and v.
19
Let l = -363 + 242. Let t = l - -254. Calculate the greatest common divisor of t and 19.
19
Let y = 1034 + -600. Calculate the greatest common factor of y and 14.
14
Let q(y) = -y**3 - 8*y**2 + 5*y - 27. Let i be q(-9). Calculate the greatest common divisor of i and 57.
3
Suppose -3*g = -2*i - 30, -4*g - 3*i = -8 - 32. Suppose -13*y + g*y = -54. What is the highest common divisor of 18 and y?
18
Suppose -m = -4*y + 740, 3*y - 14*m + 13*m - 555 = 0. Calculate the greatest common factor of y and 444.
37
Let h(x) = -x**3 - 7*x**2 - 2*x + 28. Let b be h(-8). What is the greatest common factor of 48 and b?
12
Suppose -3*l + 9*l = 30. Suppose 2*y + 27 = l*z, 0*y - 3*y - 3 = 0. Calculate the greatest common factor of 15 and z.
5
Let c(p) = p**3 + 13*p**2 + 11*p - 2. Let m be c(-12). Let j = 2 - 5. Let a be 10/(-4)*j*12. Calculate the highest common factor of a and m.
10
Let u = -70 + 58. Let o be (u + -1 + 2 - 1)*-5. Calculate the highest common divisor of 6 and o.
6
Suppose -12 + 1 = -w. Suppose -o + 0*o + 5 = 0. Suppose -2*d - 56 = -o*v - 3*d, -5*d = -5. Calculate the greatest common factor of w and v.
11
Let i(f) = -f**2 + 5*f + 7. Let u be i(5). Let s be (-63)/1*160/(-180). What is the highest common divisor of s and u?
7
Let m = -365 + 370. Suppose 0 = 5*b - 12 - 13. Calculate the greatest common factor of m and b.
5
Suppose 4*l - 9 + 120 = u, -4*u + l = -369. What is the greatest common factor of u and 1001?
91
Let y(i) = 17*i - 2. Let m be y(7). Let g be 6*(-9)/243 + (-119)/(-9). What is the greatest common divisor of g and m?
13
Let f = -17 + 8. Let r = 21 + f. Let q = 3606 - 3602. What is the greatest common divisor of r and q?
4
Let x(a) = -2*a**3 - 11*a**2 + 32*a - 19. Let t be x(-8). Calculate the greatest common factor of t and 390.
15
Suppose -92 = 3*p - 2*k + 2061, 5*p + 3620 = -3*k. Let y = -89 - -75. Let n be (-4)/y - p/49. Calculate the greatest common factor of n and 10.
5
Let c(j) = j**2 + 8*j + 9. Let f be c(-7). Suppose 5*o - 20 = 5*i, 3*o + 3*i = -f*i + 52. What is the greatest common divisor of o and 6?
3
Suppose 4*u = -4*v - 232, 5*u = -3*v - 326 + 44. Let h be u*39/(-33) - 4/(-22). What is the greatest common factor of 16 and h?
16
Let w(n) = -9*n - 10*n**2 + 0*n**3 + 16 + n**3 - 31 + 8. Let i be w(11). What is the greatest common factor of 15 and i?
15
Let b be (-1)/(57/15 + -4). Suppose -3*n + 1 = -b. Let w(d) = -17*d + 1. Let c be w(-1). What is the greatest common factor of n and c?
2
Let g(y) = -5*y - 6. Let r be g(-5). Let a(c) = 5*c**3 - 91*c**2 + 23*c + 43. Let n be a(18). What is the greatest common divisor of n and r?
19
Let q be 145/4 - (-6)/(-24). What is the greatest common factor of 324 and q?
36
Let t be ((-9)/2 - -2)/((-11)/528). Calculate the greatest common divisor of t and 96.
24
Let u be 26 + (-13 - -1) + -10. Let a(g) = 3*g**2 + g + 4. Let m be a(-3). What is the highest common factor of u and m?
4
Let q(y) = 6*y - 3. Let m be q(-5). Let g = -29 - m. Suppose 0 = -3*z + n + 178, 5*n + 0*n = -g*z + 250. Calculate the highest common divisor of z and 15.
15
Let m = -86 - -76. Let q(o) = 2*o**2 + 17*o - 10. Let p be q(m). Calculate the highest common factor of p and 50.
10
Let r(q) = 17*q**2 - q - 1. Let p be r(-1). Calculate the highest common factor of 17 and p.
17
Let y(v) = v**2 + 8*v + 1. Let a be y(-4). Let l = a + 9. Let n be (-108)/(-14) - l/21. What is the highest common divisor of n and 32?
8
Let n = -270 + 288. What is the highest common divisor of n and 27?
9
Let m(x) = 10*x**2 + 4*x + 3. Let h be m(-2). Let w(z) = -7*z**3 + 1. Let n be w(1). Let d be ((-21)/2)/(n/8). Calculate the greatest common divisor of d and h.
7
Suppose 10*w - 8 = 9*w. Suppose 8 = 2*u - w. Let n = 9 + u. What is the highest common factor of 136 and n?
17
Suppose -3*f - 289 = -5*x, 0 = 2*x + 5*f + 107 - 235. Calculate the greatest common divisor of x and 944.
59
Let j(p) = p - 8. Let b be j(26). Suppose 5*h - 80 = -5*v, b = 4*v - h - 26. What is the greatest common factor of v and 6?
6
Suppose -4*r - 3*p = -r + 3, r + 4*p = -10. Let o = r + 2. Let v be -13*4